e 14802695?
False
Is 183 a factor of 200019?
True
Does 16 divide 1874368?
True
Does 399 divide 769992?
False
Is 75255 a multiple of 15?
True
Is 1666253 a multiple of 58?
False
Is 3242806 a multiple of 461?
False
Does 6 divide 1155681?
False
Does 69 divide 79567?
False
Does 57 divide 4560855?
True
Is 100 a factor of 5857400?
True
Does 4 divide 610420?
True
Is 250 a factor of 225697?
False
Does 151 divide 128517?
False
Does 27 divide 94547?
False
Is 9 a factor of 4197941?
False
Is 2290680 a multiple of 72?
True
Is 24 a factor of 314736?
True
Does 2 divide 29258?
True
Is 15 a factor of 187256?
False
Is 969 a factor of 3071730?
True
Is 675895 a multiple of 81?
False
Is 225 a factor of 17460294?
False
Is 26609 a multiple of 59?
True
Does 6 divide 419075?
False
Is 7350938 a multiple of 322?
True
Does 8 divide 284914?
False
Is 2355810 a multiple of 190?
True
Is 128489 a multiple of 65?
False
Is 2100136 a multiple of 2?
True
Does 8 divide 6326160?
True
Is 769160 a multiple of 20?
True
Does 372 divide 4924908?
True
Is 64344 a multiple of 21?
True
Is 36 a factor of 85620?
False
Does 840 divide 4860202?
False
Is 2897244 a multiple of 297?
False
Does 9 divide 11638?
False
Is 114 a factor of 37848?
True
Does 25 divide 1226000?
True
Is 37 a factor of 664433?
False
Does 847 divide 632690?
False
Does 39 divide 676260?
True
Is 16 a factor of 193136?
True
Does 14 divide 25116?
True
Is 7 a factor of 253640?
False
Is 167 a factor of 349865?
True
Is 76 a factor of 256812?
False
Is 906542 a multiple of 20?
False
Is 36 a factor of 3950805?
False
Does 458 divide 4580458?
True
Is 16 a factor of 14839628?
False
Is 1375 a factor of 4880688?
False
Is 300224 a multiple of 131?
False
Is 1345533 a multiple of 7?
True
Is 1577929 a multiple of 13?
False
Does 546 divide 660114?
True
Does 23 divide 996659?
True
Is 40755 a multiple of 58?
False
Is 14 a factor of 200063?
False
Is 5531 a multiple of 59?
False
Does 11 divide 378906?
True
Is 37017 a multiple of 13?
False
Is 11185114 a multiple of 8?
False
Is 16 a factor of 156928?
True
Does 374 divide 114818?
True
Is 1648 a factor of 2513200?
True
Is 622 a factor of 4543088?
True
Is 796249 a multiple of 123?
False
Is 82 a factor of 174696?
False
Does 803 divide 513920?
True
Is 100296 a multiple of 4?
True
Is 6 a factor of 3136?
False
Does 110 divide 7857300?
True
Does 5 divide 576621?
False
Is 33 a factor of 1352043?
True
Does 203 divide 13988933?
True
Is 2 a factor of 931?
False
Is 25 a factor of 6152481?
False
Is 269352 a multiple of 258?
True
Is 111 a factor of 9877085?
False
Does 20 divide 545941?
False
Does 11 divide 1265116?
False
Is 17 a factor of 1188788?
False
Is 1877463 a multiple of 7?
True
Is 4374447 a multiple of 77?
True
Is 14 a factor of 2411213?
False
Is 198926 a multiple of 13?
True
Is 844575 a multiple of 445?
False
Is 39 a factor of 7021289?
False
Does 11 divide 4189647?
True
Is 18 a factor of 1330038?
True
Is 143 a factor of 682818?
False
Does 127 divide 556547?
False
Is 729279 a multiple of 4?
False
Is 206 a factor of 190646?
False
Does 16 divide 34383485?
False
Does 1144 divide 1233232?
True
Is 234 a factor of 380934?
False
Is 12 a factor of 282938?
False
Does 375 divide 310330?
False
Is 56 a factor of 250023?
False
Is 16343 a multiple of 12?
False
Is 86 a factor of 3404740?
True
Does 39 divide 692045?
False
Is 248297 a multiple of 35?
False
Is 9368 a multiple of 10?
False
Does 51 divide 524688?
True
Does 108 divide 374760?
True
Is 4850600 a multiple of 40?
True
Is 92583 a multiple of 27?
True
Does 21 divide 1373038?
False
Does 216 divide 597946?
False
Is 324515 a multiple of 65?
False
Does 2 divide 40281?
False
Is 36 a factor of 153788?
False
Is 36728 a multiple of 27?
False
Is 9913600 a multiple of 400?
True
Is 228 a factor of 66120?
True
Does 18 divide 76281?
False
Does 843 divide 317618?
False
Is 156039 a multiple of 5?
False
Is 94 a factor of 3549534?
True
Is 725203 a multiple of 17?
True
Is 480764 a multiple of 68?
False
Is 26 a factor of 804560?
False
Is 179 a factor of 445324?
False
Is 84994 a multiple of 7?
True
Does 44 divide 62876?
True
Is 120 a factor of 6725760?
True
Is 8 a factor of 246095?
False
Is 12 a factor of 148710?
False
Is 1143979 a multiple of 26?
False
Does 65 divide 672880?
True
Does 160 divide 186519?
False
Does 74 divide 1342336?
False
Is 2563141 a multiple of 22?
False
Does 15 divide 549165?
True
Is 3189836 a multiple of 13?
True
Is 110 a factor of 1998590?
True
Does 11 divide 1851564?
True
Does 139 divide 2272161?
False
Does 173 divide 10710949?
True
Is 145 a factor of 2137445?
True
Is 49 a factor of 750018?
False
Is 13 a factor of 1104116?
True
Does 25 divide 9025?
True
Is 103230 a multiple of 22?
False
Is 568588 a multiple of 41?
True
Does 604 divide 361796?
True
Is 180 a factor of 779913?
False
Does 284 divide 18182?
False
Does 14 divide 61271?
False
Does 7 divide 103068?
True
Is 4 a factor of 2461936?
True
Is 657420 a multiple of 54?
False
Is 846345 a multiple of 51?
True
Does 19 divide 588855?
False
Is 676830 a multiple of 105?
True
Is 43 a factor of 7531269?
False
Is 7 a factor of 4633400?
False
Is 16133904 a multiple of 63?
False
Is 438752 a multiple of 3?
False
Is 1224270 a multiple of 26?
False
Is 223118 a multiple of 17?
False
Is 2110521 even?
False
Is 330 a factor of 2213640?
True
Does 332 divide 6269729?
False
Does 2 divide 1614445?
False
Is 19 a factor of 190485?
False
Is 25761420 a multiple of 368?
False
Does 37 divide 14696?
False
Is 1055 a factor of 22710985?
True
Is 154 a factor of 4758292?
True
Is 306250 a multiple of 220?
False
Is 168 a factor of 690678?
False
Is 140495 a multiple of 80?
False
Is 9 a factor of 4558236?
False
Is 384558 a multiple of 24?
False
Is 27 a factor of 929232?
True
Is 2148754 a multiple of 484?
False
Does 643 divide 11844703?
True
Is 236596 a multiple of 5?
False
Is 83 a factor of 207307?
False
Does 39 divide 63444?
False
Is 18114 a multiple of 82?
False
Does 20 divide 144453?
False
Is 2466098 a multiple of 2137?
True
Is 129 a factor of 91461?
True
Is 182 a factor of 176114?
False
Is 99646 a multiple of 3?
False
Does 102 divide 1404?
False
Does 33 divide 252318?
True
Is 7138291 a multiple of 107?
True
Does 210 divide 565505?
False
Is 2671380 a multiple of 54?
True
Is 4118970 a multiple of 43?
True
Is 810597 a multiple of 150?
False
Is 19 a factor of 6333?
False
Is 6011371 a multiple of 487?
False
Is 345744 a multiple of 18?
True
Is 232783 a multiple of 26?
False
Is 16465396 a multiple of 10?
False
Is 109 a factor of 4304192?
True
Does 178 divide 196156?
True
Is 540 a factor of 1956960?
True
Is 1486046 a multiple of 363?
False
Does 30 divide 434568?
False
Is 103104 a multiple of 9?
True
Is 6 a factor of 1682223?
False
Does 9 divide 112788?
True
Does 33 divide 1655808?
True
Is 15 a factor of 261454?
False
Is 50680 a multiple of 35?
True
Is 7 a factor of 17783?
False
Does 19 divide 597588?
True
Does 15 divide 3142050?
True
Does 534 divide 94313?
False
Is 2830 a multiple of 57?
False
Is 1550739 a multiple of 6?
False
Does 56 divide 26376?
True
Is 3614061 a multiple of 33?
True
Is 3 a factor of 146382?
True
Does 20 divide 1600360?
True
Does 34 divide 24183?
False
Does 29 divide 37421?
False
Does 788 divide 778544?
True
Does 10 divide 833691?
False
Does 125 divide 123875?
True
Is 152561 a multiple of 7?
False
Is 169 a factor of 190125?
True
Is 300761 even?
False
Is 195 a factor of 142740?
True
Is 2023614 a multiple of 61?
True
Is 6 a factor of 167490?
True
Is 13 a factor of 2325674?
True
Does 20 divide 451059?
False
Does 55 divide 1761683?
False
Does 52 divide 32199?
False
Is 105586 a multiple of 31?
True
Is 2045 a factor of 13844650?
True
Is 37 a factor of 181374?
True
Does 28 divide 327264?
True
Is 32 a factor of 2344576?
True
Is 2246923 a multiple of 13?
False
Is 1217406 a multiple of 354?
True
Does 1265 divide 8627300?
True
Is 1724479 a multiple of 217?
False
Is 1724 a factor of 11928356?
True
Is 9355753 a multiple of 22?
False
Is 67 a factor of 538311?
False
Does 21 divide 8693328?
True
Is 96 a factor of 18336?
True
Does 33 divide 5181?
True
Is 4910642 a multiple of 8?
False
Is 8784464 a multiple of 314?
True
Is 278562 a multiple of 5?
False
Is 22235525 a multiple of 115?
False
Is 24 a factor of 193972?
False
Does 20 divide 1486802?
Fal